{"id":10201,"date":"2024-04-20T03:21:20","date_gmt":"2024-04-20T03:21:20","guid":{"rendered":"https:\/\/kotarbinski.com\/blogomarketingu\/?page_id=10201"},"modified":"2026-01-01T16:50:09","modified_gmt":"2026-01-01T16:50:09","slug":"toporowo-jacek-kotarbinski","status":"publish","type":"page","link":"https:\/\/kotarbinski.com\/blogomarketingu\/toporowo-jacek-kotarbinski\/","title":{"rendered":"TOPOROWO Jacek Kotarbi\u0144ski"},"content":{"rendered":"<figure><\/figure>\n<h2><a href=\"https:\/\/kotarbinski.com\/blogomarketingu\/wp-content\/uploads\/2024\/06\/TOPOROWO-Jacek-Kotarbinski-darmowy-fragment.jpeg\"><img loading=\"lazy\" decoding=\"async\" class=\"size-medium wp-image-10451 alignright\" src=\"https:\/\/kotarbinski.com\/blogomarketingu\/wp-content\/uploads\/2024\/06\/TOPOROWO-Jacek-Kotarbinski-darmowy-fragment-211x300.jpeg\" alt=\"\" width=\"211\" height=\"300\" srcset=\"https:\/\/kotarbinski.com\/blogomarketingu\/wp-content\/uploads\/2024\/06\/TOPOROWO-Jacek-Kotarbinski-darmowy-fragment.jpeg 211w, https:\/\/kotarbinski.com\/blogomarketingu\/wp-content\/uploads\/2024\/06\/TOPOROWO-Jacek-Kotarbinski-darmowy-fragment.jpeg 721w, https:\/\/kotarbinski.com\/blogomarketingu\/wp-content\/uploads\/2024\/06\/TOPOROWO-Jacek-Kotarbinski-darmowy-fragment.jpeg 768w, https:\/\/kotarbinski.com\/blogomarketingu\/wp-content\/uploads\/2024\/06\/TOPOROWO-Jacek-Kotarbinski-darmowy-fragment.jpeg 563w, https:\/\/kotarbinski.com\/blogomarketingu\/wp-content\/uploads\/2024\/06\/TOPOROWO-Jacek-Kotarbinski-darmowy-fragment.jpeg 887w\" sizes=\"auto, (max-width: 211px) 100vw, 211px\" \/><\/a>TOPOROWO Jacek Kotarbi\u0144ski<\/h2>\n<p>\u201eToporowo\u201d to wnikliwa podr\u00f3\u017c przez emocje i pragnienia, tak\u017ce te najciemniejsze. Autor bez l\u0119ku zagl\u0105da w obszary tabu, si\u0119ga po apokaliptyczne wizje i groteskowe przeobra\u017cenia, dzi\u0119ki czemu opowiadania nie tylko wstrz\u0105saj\u0105, ale i trafiaj\u0105 w czu\u0142e punkty ludzkiej psychiki. Narracja, g\u0119sta od zaskakuj\u0105cych obraz\u00f3w i metafor, sprawia, \u017ce te teksty s\u0105 czym\u015b wi\u0119cej ni\u017c literackim prze\u017cyciem: prowokuj\u0105 do tropienia sens\u00f3w ukrytych pod powierzchni\u0105. A gdzie\u015b w tle jest cz\u0142owiek, kt\u00f3ry zjecha\u0142 \u015bwiat poci\u0105gami i samolotami, i ma poczucie humoru czarne jak kawa, kt\u00f3r\u0105 najbardziej lubi.<\/p>\n<p><em><strong>Wydawca<\/strong>: Jacek Kotarbi\u0144ski<\/em><\/p>\n<p><em><strong>ksi\u0105\u017cka<\/strong> ISBN: 978-83-953829-5-6<\/em><\/p>\n<p><em><strong>e-book<\/strong> ISBN: 978-83-953829-2-5<\/em><\/p>\n<p><em><strong>audiobook<\/strong> ISBN: 978-83-953829-6-3<\/em><\/p>\n<p><em><a href=\"https:\/\/www.facebook.com\/toporowo\">Facebook Toporowo<\/a> | Dla wszystkich mi\u0142o\u015bnik\u00f3w czarnego humoru<\/em><\/p>\n<p><strong>ksi\u0105\u017cka i e-book<\/strong><a href=\"https:\/\/kotarbinski.com\/blogomarketingu\/wp-content\/uploads\/2024\/05\/TOPOROWO-Jacek-Kotarbinski-darmowy-fragment.pdf\"><br \/>\nPOBIERZ DARMOWY FRAGMENT<br \/>\n<\/a><\/p>\n<p><strong>audiobook<\/strong><\/p>\n<p><a href=\"https:\/\/youtu.be\/HJ5eb-RVSoc?si=gKJIx5w9EMCdmmYr\">POS\u0141UCHAJ DARMOWEGO FRAGMENTU<\/a><\/p>\n<h2><strong>Gdzie kupi\u0107 ksi\u0105\u017ck\u0119, e-book i audiobook?\u00a0<\/strong><\/h2>\n<ul>\n<li><strong>EMPIK<\/strong> | <a href=\"https:\/\/www.empik.com\/toporowo-jacek-kotarbinski,p1480368417,ksiazka-p\">ksi\u0105\u017cka<\/a> | <a href=\"https:\/\/www.empik.com\/toporowo-ebook-epub-kotarbinski-jacek,p1485849209,ebooki-i-mp3-p\">ebook<\/a><\/li>\n<li><strong>Amazon<\/strong> | <a href=\"https:\/\/www.amazon.com\/Toporowo-Opowiadania-milo%C5%9Bnik%C3%B3w-czarnego-humoru\/dp\/839538291X\">ksi\u0105\u017cka<\/a><\/li>\n<li><strong>Allegro Lokalnie<\/strong> | <a href=\"https:\/\/allegrolokalnie.pl\/oferta\/toporowo-opowiadania-dla-milosnikow-czarnego-humoru\">tu kupisz ksi\u0105\u017ck\u0119 z dedykacj\u0105 i indywidualnym autografem autora<\/a><\/li>\n<li><strong>Audiobook Virtualo<\/strong> | <a href=\"https:\/\/virtualo.pl\/audiobook\/toporowo-opowiadania-dla-milosnikow-czarnego-humoru-i615419\/?srsltid=AfmBOooMBGYBHV4U9R6AwgbUDKc9qs4_Eh3M18iraJz-6q_9Xk68Nmg5\">audiobook<\/a><\/li>\n<\/ul>\n<hr \/>\n<p>&nbsp;<\/p>\n<p style=\"margin-bottom: 0px; background-image: initial; background-position: initial; background-size: initial; background-repeat: initial; background-attachment: initial; background-origin: initial; background-clip: initial; word-break: break-word; font-family: Roboto, Arial, sans-serif; font-size: 2rem; line-height: 2.8rem; font-weight: bold; overflow: hidden; max-height: 5.6rem; -webkit-line-clamp: 2; display: -webkit-box; -webkit-box-orient: vertical; text-overflow: ellipsis; color: #0f0f0f; font-style: normal; font-variant-ligatures: normal; font-variant-caps: normal; text-align: center;\">Premiera &#8222;Toporowo&#8221;<\/p>\n<p style=\"margin-bottom: 0px; background-image: initial; background-position: initial; background-size: initial; background-repeat: initial; background-attachment: initial; background-origin: initial; background-clip: initial; word-break: break-word; font-family: Roboto, Arial, sans-serif; font-size: 2rem; line-height: 2.8rem; font-weight: bold; overflow: hidden; max-height: 5.6rem; -webkit-line-clamp: 2; display: -webkit-box; -webkit-box-orient: vertical; text-overflow: ellipsis; color: #0f0f0f; font-style: normal; font-variant-ligatures: normal; font-variant-caps: normal; text-align: center;\">Prowadzi Tomasz Raczek<\/p>\n<p style=\"margin-bottom: 0px; background-image: initial; background-position: initial; background-size: initial; background-repeat: initial; background-attachment: initial; background-origin: initial; background-clip: initial; word-break: break-word; font-family: Roboto, Arial, sans-serif; font-size: 2rem; line-height: 2.8rem; font-weight: bold; overflow: hidden; max-height: 5.6rem; -webkit-line-clamp: 2; display: -webkit-box; -webkit-box-orient: vertical; text-overflow: ellipsis; color: #0f0f0f; font-style: normal; font-variant-ligatures: normal; font-variant-caps: normal; text-align: center;\">17 maja 2024r. Warszawa<\/p>\n<div class=\"ast-oembed-container \" style=\"height: 100%;\"><iframe loading=\"lazy\" title=\"Jacek Kotarbi\u0144ski. Premiera ksi\u0105\u017cki &quot;Toporowo&quot;. Prowadzi Tomasz Raczek.\" width=\"500\" height=\"281\" src=\"https:\/\/www.youtube.com\/embed\/3Wyf16MRwog?feature=oembed\" frameborder=\"0\" allow=\"accelerometer; autoplay; clipboard-write; encrypted-media; gyroscope; picture-in-picture; web-share\" referrerpolicy=\"strict-origin-when-cross-origin\" allowfullscreen><\/iframe><\/div>\n<h2 style=\"text-align: center;\">Rekomendacje<\/h2>\n<figure><\/figure>\n<h3 style=\"text-align: center;\"><em>Piotr Bratkowski (1955-2021)<\/em><\/h3>\n<p><em>Czytaj\u0105c te \u015bwietne, aforystyczne opowiadania, b\u0119dziecie si\u0119 cz\u0119sto \u015bmia\u0107. Ale w pewnym momencie ten \u015bmiech ugrz\u0119\u017anie w gardle. I zaczniecie si\u0119 ba\u0107, w\u0142\u0105czaj\u0105c internet lub telewizor.<\/em><\/p>\n<figure><\/figure>\n<h3 style=\"text-align: center;\"><em>Micha\u0142 Rusinek<\/em><\/h3>\n<p><em>Po lekturze tych kr\u00f3tkich form, balansuj\u0105cych z gracj\u0105 na granicy literatury i publicystyki, czujemy si\u0119 troch\u0119 jak po ogl\u0105daniu serialu <\/em><em>&#8222;Black Mirror&#8221;: niby wiemy, \u017ce to fikcja, a jednak niepok\u00f3j pozostaje.<\/em><\/p>\n<figure><\/figure>\n<h3 style=\"text-align: center;\"><em>Andrzej Saramonowicz<\/em><\/h3>\n<p><em>Groteska i czarny humor, czyli ulubione przyprawy Rolanda Topora, wrzucone przez Jacka Kotarbi\u0144skiego w bigos spraw polskich. Smakuje wybornie.<\/em><\/p>\n<figure><\/figure>\n<h3 style=\"text-align: center;\">Ma\u0142gorzata Kalici\u0144ska<\/h3>\n<p><em>Oto ciasteczka. Ka\u017cde inne, inaczej zrobione doprawione i ozdobione. Ka\u017cde o innym smaku. Topor by si\u0119 roze\u015bmia\u0142 i poszed\u0142 z Jackiem na piwo. A do piwa, na nudny czas, na smutny czas, na ten czas owe ciasteczka, jak znalaz\u0142, bo smaczne! Polecam.<\/em><\/p>\n<figure><\/figure>\n<h3 style=\"text-align: center;\"><em>Piotr Moszy\u0144ski<\/em><\/h3>\n<p><em>Jacek Kotarbi\u0144ski rzuci\u0142 si\u0119 z Toporem na polsk\u0105 rzeczywisto\u015b\u0107. Poczu\u0142a si\u0119 troch\u0119 odrzucona, ale nie rzuci\u0142a si\u0119 na kolana, z kt\u00f3rych nieustannie wstaje. Kotarbi\u0144ski nie porzuci\u0142 ani Topora, ani my\u015bli o okie\u0142znaniu polskiej rzeczywisto\u015bci. B\u0119dzie zatem lepiej. W oczekiwaniu na t\u0119 chwil\u0119 rzu\u0107my si\u0119 do czytania, bo warto.<\/em><\/p>\n<h2 style=\"text-align: center;\">O autorze: Jacek Kotarbi\u0144ski<\/h2>\n<figure><\/figure>\n<p>Autor, kt\u00f3ry w \u017cyciu nabi\u0142 tysi\u0105ce kilometr\u00f3w w poci\u0105gach i samolotach, ma poczucie humoru czarne jak kawa, po kt\u00f3r\u0105 si\u0119ga najcz\u0119\u015bciej. Kr\u00f3tkie formy pisane w drodze sta\u0142y si\u0119 dla niego nie tylko pasj\u0105, lecz tak\u017ce rytua\u0142em. Notuje, gdy dr\u017cy wagon, i dopisuje puenty, gdy kabina \u0142apie turbulencje. Z tych obserwacji rodz\u0105 si\u0119 historie, w kt\u00f3rych \u015bmiech miesza si\u0119 z niepokojem, a absurd ociera si\u0119 o codzienno\u015b\u0107.<\/p>\n<p>Cykl opowiada\u0144 wyrasta z fascynacji tw\u00f3rczo\u015bci\u0105 Rolanda Topora (1938\u20131997) \u2014 artysty wielu talent\u00f3w, kt\u00f3rego styl bywa okre\u015blany jako surrealistyczny, przesi\u0105kni\u0119ty grotesk\u0105 i absurdalnym humorem. Topor zderza\u0142 realno\u015b\u0107 z fantastyk\u0105, buduj\u0105c wizje jednocze\u015bnie mroczne i przenikliwie ironiczne, zmuszaj\u0105ce do namys\u0142u nad ludzk\u0105 natur\u0105 i spo\u0142ecze\u0144stwem. W tej estetyce \u201eToporowo\u201d znajduje sw\u00f3j punkt odniesienia, nie jako na\u015bladownictwo, lecz jako dialog.<\/p>\n<p>\u201eToporowo\u201d jest bowiem pr\u00f3b\u0105 wej\u015bcia w g\u0142\u0105b emocji i pragnie\u0144, tak\u017ce tych wypartych, niewygodnych, \u201ezbyt ludzkich\u201d. Autor bez wahania dotyka tabu, si\u0119ga po apokaliptyczne obrazy i groteskowe przeobra\u017cenia, dzi\u0119ki czemu opowiadania potrafi\u0105 wstrz\u0105sn\u0105\u0107, ale nie poprzestaj\u0105 na efekcie szoku. Ich si\u0142a bierze si\u0119 z wnikliwo\u015bci: z umiej\u0119tno\u015bci rozcinania codzienno\u015bci i pokazywania, co pracuje pod powierzchni\u0105.<\/p>\n<p>Wa\u017cne miejsce zajmuje tu r\u00f3wnie\u017c satyryczna krytyka spo\u0142eczna i polityczna, podana nie wprost, lecz w formie, kt\u00f3ra \u015bmieszy i uwiera jednocze\u015bnie. Autor, wyczulony na absurdy rzeczywisto\u015bci, buduje teksty prowokuj\u0105ce, a przy tym zaskakuj\u0105co czu\u0142e na cz\u0142owieka. Wydanie \u201eToporowa\u201d wcze\u015bniej ni\u017c przed 2024 rokiem nie by\u0142o mo\u017cliwe.<\/p>\n<h2 style=\"text-align: center;\"><em>Wsp\u00f3\u0142tw\u00f3rcy &#8222;Toporowa&#8221;<\/em><\/h2>\n<figure><\/figure>\n<h3 style=\"text-align: center;\"><em>Andrzej P\u0105gowski | Projekt ok\u0142adki<\/em><\/h3>\n<p>Andrzej P\u0105gowski to polski artysta grafik, znany przede wszystkim z projektowania plakat\u00f3w. Urodzony w 1953 roku w Warszawie, Jest jednym z najbardziej rozpoznawalnych i cenionych polskich grafik\u00f3w. Zaprojektowa\u0142 plakaty do wielu polskich i zagranicznych film\u00f3w, a tak\u017ce do przedstawie\u0144 teatralnych, koncert\u00f3w i innych wydarze\u0144 kulturalnych. Jego styl jest charakterystyczny i cz\u0119sto zawiera silne, wyraziste elementy wizualne, kt\u00f3re przyci\u0105gaj\u0105 uwag\u0119 i wywo\u0142uj\u0105 emocje.<\/p>\n<figure><\/figure>\n<h3 style=\"text-align: center;\"><em>Magdalena Masny | Redakcja i korekta<\/em><\/h3>\n<p>Magdalena Masny jest absolwentk\u0105 filologii polskiej na Uniwersytecie Szczeci\u0144skim oraz studi\u00f3w PR w Warszawie. Karier\u0119 zawodow\u0105 rozpocz\u0119\u0142a jako modelka, wsp\u00f3\u0142pracuj\u0105c ze znanym fotografem Markiem Czudowskim. Jej prze\u0142omowym momentem by\u0142o jednak do\u0142\u0105czenie do zespo\u0142u teleturnieju &#8222;Ko\u0142o Fortuny&#8221; w 1992 roku, gdzie jako hostessa zyska\u0142a du\u017c\u0105 popularno\u015b\u0107. Magda Masny prowadzi\u0142a dwie kwiaciarnie &#8222;Ogrody Magdy Masny&#8221; w Tr\u00f3jmie\u015bcie. Mieszka w Sopocie.<\/p>\n<figure><\/figure>\n<h3 style=\"text-align: center;\"><em>dr Joanna Wrycza-Bekier | Pos\u0142owie<\/em><\/h3>\n<p>Joanna Wrycza-Bekier to doktor nauk humanistycznych, autorka publikacji dotycz\u0105cych efektywnego pisania. Specjalizuje si\u0119 w webwritingu i storytellingu. Prowadzi warsztaty oraz prelekcje z zakresu pisania tekst\u00f3w internetowych i copywritingu. Autorka zar\u00f3wno ksi\u0105\u017cek pomagaj\u0105cych w pisaniu, jak i beletrystyki<\/p>\n<p><a href=\"https:\/\/kotarbinski.com\/blogomarketingu\/kup-toporowo-jacek-kotarbinski\/\"><\/p>\n<p><\/a><\/p>\n<!-- AddThis Advanced Settings generic via filter on the_content --><!-- AddThis Share Buttons generic via filter on the_content -->","protected":false},"excerpt":{"rendered":"<p>TOPOROWO Jacek Kotarbi\u0144ski \u201eToporowo\u201d to wnikliwa podr\u00f3\u017c przez emocje i pragnienia, tak\u017ce te najciemniejsze. Autor bez l\u0119ku zagl\u0105da w obszary [&hellip;]<!-- AddThis Advanced Settings generic via filter on get_the_excerpt --><!-- AddThis Share Buttons generic via filter on get_the_excerpt --><\/p>\n","protected":false},"author":1,"featured_media":0,"parent":0,"menu_order":0,"comment_status":"closed","ping_status":"closed","template":"","meta":{"om_disable_all_campaigns":false,"_exactmetrics_skip_tracking":false,"_exactmetrics_sitenote_active":false,"_exactmetrics_sitenote_note":"","_exactmetrics_sitenote_category":0,"_monsterinsights_skip_tracking":false,"_monsterinsights_sitenote_active":false,"_monsterinsights_sitenote_note":"","_monsterinsights_sitenote_category":0,"_uf_show_specific_survey":0,"_uf_disable_surveys":false,"site-sidebar-layout":"default","site-content-layout":"","ast-site-content-layout":"default","site-content-style":"default","site-sidebar-style":"default","ast-global-header-display":"","ast-banner-title-visibility":"","ast-main-header-display":"","ast-hfb-above-header-display":"","ast-hfb-below-header-display":"","ast-hfb-mobile-header-display":"","site-post-title":"","ast-breadcrumbs-content":"","ast-featured-img":"","footer-sml-layout":"","ast-disable-related-posts":"","theme-transparent-header-meta":"default","adv-header-id-meta":"","stick-header-meta":"","header-above-stick-meta":"","header-main-stick-meta":"","header-below-stick-meta":"","astra-migrate-meta-layouts":"set","ast-page-background-enabled":"default","ast-page-background-meta":{"desktop":{"background-color":"var(--ast-global-color-5)","background-image":"","background-repeat":"repeat","background-position":"center center","background-size":"auto","background-attachment":"scroll","background-type":"","background-media":"","overlay-type":"","overlay-color":"","overlay-opacity":"","overlay-gradient":""},"tablet":{"background-color":"","background-image":"","background-repeat":"repeat","background-position":"center center","background-size":"auto","background-attachment":"scroll","background-type":"","background-media":"","overlay-type":"","overlay-color":"","overlay-opacity":"","overlay-gradient":""},"mobile":{"background-color":"","background-image":"","background-repeat":"repeat","background-position":"center center","background-size":"auto","background-attachment":"scroll","background-type":"","background-media":"","overlay-type":"","overlay-color":"","overlay-opacity":"","overlay-gradient":""}},"ast-content-background-meta":{"desktop":{"background-color":"var(--ast-global-color-4)","background-image":"","background-repeat":"repeat","background-position":"center center","background-size":"auto","background-attachment":"scroll","background-type":"","background-media":"","overlay-type":"","overlay-color":"","overlay-opacity":"","overlay-gradient":""},"tablet":{"background-color":"var(--ast-global-color-4)","background-image":"","background-repeat":"repeat","background-position":"center center","background-size":"auto","background-attachment":"scroll","background-type":"","background-media":"","overlay-type":"","overlay-color":"","overlay-opacity":"","overlay-gradient":""},"mobile":{"background-color":"var(--ast-global-color-4)","background-image":"","background-repeat":"repeat","background-position":"center center","background-size":"auto","background-attachment":"scroll","background-type":"","background-media":"","overlay-type":"","overlay-color":"","overlay-opacity":"","overlay-gradient":""}},"jetpack_post_was_ever_published":false,"footnotes":""},"class_list":["post-10201","page","type-page","status-publish","hentry"],"aioseo_notices":[],"jetpack_shortlink":"https:\/\/wp.me\/PaKYj5-2Ex","jetpack_sharing_enabled":true,"_links":{"self":[{"href":"https:\/\/kotarbinski.com\/blogomarketingu\/wp-json\/wp\/v2\/pages\/10201","targetHints":{"allow":["GET"]}}],"collection":[{"href":"https:\/\/kotarbinski.com\/blogomarketingu\/wp-json\/wp\/v2\/pages"}],"about":[{"href":"https:\/\/kotarbinski.com\/blogomarketingu\/wp-json\/wp\/v2\/types\/page"}],"author":[{"embeddable":true,"href":"https:\/\/kotarbinski.com\/blogomarketingu\/wp-json\/wp\/v2\/users\/1"}],"replies":[{"embeddable":true,"href":"https:\/\/kotarbinski.com\/blogomarketingu\/wp-json\/wp\/v2\/comments?post=10201"}],"version-history":[{"count":67,"href":"https:\/\/kotarbinski.com\/blogomarketingu\/wp-json\/wp\/v2\/pages\/10201\/revisions"}],"predecessor-version":[{"id":11543,"href":"https:\/\/kotarbinski.com\/blogomarketingu\/wp-json\/wp\/v2\/pages\/10201\/revisions\/11543"}],"wp:attachment":[{"href":"https:\/\/kotarbinski.com\/blogomarketingu\/wp-json\/wp\/v2\/media?parent=10201"}],"curies":[{"name":"wp","href":"https:\/\/api.w.org\/{rel}","templated":true}]}}