{"id":7617,"date":"2020-12-10T12:37:38","date_gmt":"2020-12-10T12:37:38","guid":{"rendered":"https:\/\/kotarbinski.com\/blogomarketingu\/?page_id=7617"},"modified":"2020-12-10T12:37:41","modified_gmt":"2020-12-10T12:37:41","slug":"pobierz-darmowy-rozdzial","status":"publish","type":"page","link":"https:\/\/kotarbinski.com\/blogomarketingu\/pobierz-darmowy-rozdzial\/","title":{"rendered":"Pobierz darmowy rozdzia\u0142"},"content":{"rendered":"\n<p>Tutaj pobierzesz darmowy rozdzia\u0142 mojej ksi\u0105\u017cki <a href=\"https:\/\/ksiegarnia.pwn.pl\/50-praw-marketingu-Kotarbinskiego,865310723,p.html\" target=\"_blank\" rel=\"noreferrer noopener\">50 Praw Marketingu Kotarbi\u0144skiego<\/a>.<\/p>\n\n\n\n<p>Udanej lektury. Zapraszam do zakupu ksi\u0105\u017cki w ca\u0142o\u015bci \ud83d\ude42 <\/p>\n\n\n\n<p>50 Praw Marketingu Kotarbi\u0144skiego  [ <a href=\"https:\/\/ksiegarnia.pwn.pl\/50-praw-marketingu-Kotarbinskiego,865310723,p.html\" target=\"_blank\" rel=\"noreferrer noopener\">wersja papierowa<\/a> ] [ <a href=\"https:\/\/ksiegarnia.pwn.pl\/50-praw-marketingu-Kotarbinskiego,870598801,p.html\" target=\"_blank\" rel=\"noreferrer noopener\">epub<\/a> ] [<a href=\"https:\/\/ksiegarnia.pwn.pl\/50-praw-marketingu-Kotarbinskiego,870598801,p.html\" target=\"_blank\" rel=\"noreferrer noopener\">mobi<\/a> ]<\/p>\n\n\n\n<p>Pobierz <strong>darmowy fragment ksi\u0105\u017cki<\/strong> [ zip 6,1 MB. PDF + epub + mobi ].<\/p>\n\n\n\n<div class=\"wp-block-file\"><a href=\"https:\/\/kotarbinski.com\/blogomarketingu\/wp-content\/uploads\/2020\/12\/50-Praw-Marketingu-Kotarbinskiego-sample.zip\">50-Praw-Marketingu-Kotarbinskiego-sample<\/a><a href=\"https:\/\/kotarbinski.com\/blogomarketingu\/wp-content\/uploads\/2020\/12\/50-Praw-Marketingu-Kotarbinskiego-sample.zip\" class=\"wp-block-file__button\" download>Pobierz<\/a><\/div>\n\n\n\n<figure class=\"wp-block-image size-large\"><img loading=\"lazy\" decoding=\"async\" width=\"1024\" height=\"576\" src=\"https:\/\/kotarbinski.com\/blogomarketingu\/wp-content\/uploads\/2020\/11\/50-praw-marketingu-kotarbinskiego-promos-1-1024x576.png\" alt=\"\" class=\"wp-image-7605\" srcset=\"https:\/\/kotarbinski.com\/blogomarketingu\/wp-content\/uploads\/2020\/11\/50-praw-marketingu-kotarbinskiego-promos-1.png 1024w, https:\/\/kotarbinski.com\/blogomarketingu\/wp-content\/uploads\/2020\/11\/50-praw-marketingu-kotarbinskiego-promos-1.png 300w, https:\/\/kotarbinski.com\/blogomarketingu\/wp-content\/uploads\/2020\/11\/50-praw-marketingu-kotarbinskiego-promos-1.png 768w, https:\/\/kotarbinski.com\/blogomarketingu\/wp-content\/uploads\/2020\/11\/50-praw-marketingu-kotarbinskiego-promos-1.png 1536w, https:\/\/kotarbinski.com\/blogomarketingu\/wp-content\/uploads\/2020\/11\/50-praw-marketingu-kotarbinskiego-promos-1.png 533w, https:\/\/kotarbinski.com\/blogomarketingu\/wp-content\/uploads\/2020\/11\/50-praw-marketingu-kotarbinskiego-promos-1.png 600w, https:\/\/kotarbinski.com\/blogomarketingu\/wp-content\/uploads\/2020\/11\/50-praw-marketingu-kotarbinskiego-promos-1.png 1920w\" sizes=\"auto, (max-width: 1000px) 100vw, 1000px\" \/><\/figure>\n\n\n\n<p>#50Praw #blogomarketingu #kotarbinski #marketing <\/p>\n<!-- AddThis Advanced Settings generic via filter on the_content --><!-- AddThis Share Buttons generic via filter on the_content -->","protected":false},"excerpt":{"rendered":"<p>Tutaj pobierzesz darmowy rozdzia\u0142 mojej ksi\u0105\u017cki 50 Praw Marketingu Kotarbi\u0144skiego. Udanej lektury. Zapraszam do zakupu ksi\u0105\u017cki w ca\u0142o\u015bci \ud83d\ude42 50 [&hellip;]<!-- AddThis Advanced Settings generic via filter on get_the_excerpt --><!-- AddThis Share Buttons generic via filter on get_the_excerpt --><\/p>\n","protected":false},"author":1,"featured_media":0,"parent":0,"menu_order":0,"comment_status":"closed","ping_status":"closed","template":"","meta":{"om_disable_all_campaigns":false,"_exactmetrics_skip_tracking":false,"_exactmetrics_sitenote_active":false,"_exactmetrics_sitenote_note":"","_exactmetrics_sitenote_category":0,"_monsterinsights_skip_tracking":false,"_monsterinsights_sitenote_active":false,"_monsterinsights_sitenote_note":"","_monsterinsights_sitenote_category":0,"_uf_show_specific_survey":0,"_uf_disable_surveys":false,"site-sidebar-layout":"default","site-content-layout":"","ast-site-content-layout":"default","site-content-style":"default","site-sidebar-style":"default","ast-global-header-display":"","ast-banner-title-visibility":"","ast-main-header-display":"","ast-hfb-above-header-display":"","ast-hfb-below-header-display":"","ast-hfb-mobile-header-display":"","site-post-title":"","ast-breadcrumbs-content":"","ast-featured-img":"","footer-sml-layout":"","ast-disable-related-posts":"","theme-transparent-header-meta":"","adv-header-id-meta":"","stick-header-meta":"","header-above-stick-meta":"","header-main-stick-meta":"","header-below-stick-meta":"","astra-migrate-meta-layouts":"default","ast-page-background-enabled":"default","ast-page-background-meta":{"desktop":{"background-color":"var(--ast-global-color-5)","background-image":"","background-repeat":"repeat","background-position":"center center","background-size":"auto","background-attachment":"scroll","background-type":"","background-media":"","overlay-type":"","overlay-color":"","overlay-opacity":"","overlay-gradient":""},"tablet":{"background-color":"","background-image":"","background-repeat":"repeat","background-position":"center center","background-size":"auto","background-attachment":"scroll","background-type":"","background-media":"","overlay-type":"","overlay-color":"","overlay-opacity":"","overlay-gradient":""},"mobile":{"background-color":"","background-image":"","background-repeat":"repeat","background-position":"center center","background-size":"auto","background-attachment":"scroll","background-type":"","background-media":"","overlay-type":"","overlay-color":"","overlay-opacity":"","overlay-gradient":""}},"ast-content-background-meta":{"desktop":{"background-color":"var(--ast-global-color-4)","background-image":"","background-repeat":"repeat","background-position":"center center","background-size":"auto","background-attachment":"scroll","background-type":"","background-media":"","overlay-type":"","overlay-color":"","overlay-opacity":"","overlay-gradient":""},"tablet":{"background-color":"var(--ast-global-color-4)","background-image":"","background-repeat":"repeat","background-position":"center center","background-size":"auto","background-attachment":"scroll","background-type":"","background-media":"","overlay-type":"","overlay-color":"","overlay-opacity":"","overlay-gradient":""},"mobile":{"background-color":"var(--ast-global-color-4)","background-image":"","background-repeat":"repeat","background-position":"center center","background-size":"auto","background-attachment":"scroll","background-type":"","background-media":"","overlay-type":"","overlay-color":"","overlay-opacity":"","overlay-gradient":""}},"jetpack_post_was_ever_published":false,"footnotes":""},"class_list":["post-7617","page","type-page","status-publish","hentry"],"aioseo_notices":[],"jetpack_shortlink":"https:\/\/wp.me\/PaKYj5-1YR","jetpack_sharing_enabled":true,"_links":{"self":[{"href":"https:\/\/kotarbinski.com\/blogomarketingu\/wp-json\/wp\/v2\/pages\/7617","targetHints":{"allow":["GET"]}}],"collection":[{"href":"https:\/\/kotarbinski.com\/blogomarketingu\/wp-json\/wp\/v2\/pages"}],"about":[{"href":"https:\/\/kotarbinski.com\/blogomarketingu\/wp-json\/wp\/v2\/types\/page"}],"author":[{"embeddable":true,"href":"https:\/\/kotarbinski.com\/blogomarketingu\/wp-json\/wp\/v2\/users\/1"}],"replies":[{"embeddable":true,"href":"https:\/\/kotarbinski.com\/blogomarketingu\/wp-json\/wp\/v2\/comments?post=7617"}],"version-history":[{"count":1,"href":"https:\/\/kotarbinski.com\/blogomarketingu\/wp-json\/wp\/v2\/pages\/7617\/revisions"}],"predecessor-version":[{"id":7619,"href":"https:\/\/kotarbinski.com\/blogomarketingu\/wp-json\/wp\/v2\/pages\/7617\/revisions\/7619"}],"wp:attachment":[{"href":"https:\/\/kotarbinski.com\/blogomarketingu\/wp-json\/wp\/v2\/media?parent=7617"}],"curies":[{"name":"wp","href":"https:\/\/api.w.org\/{rel}","templated":true}]}}