{"id":9387,"date":"2024-03-16T08:27:59","date_gmt":"2024-03-16T08:27:59","guid":{"rendered":"https:\/\/kotarbinski.com\/blogomarketingu\/?page_id=9387"},"modified":"2024-03-16T11:59:08","modified_gmt":"2024-03-16T11:59:08","slug":"marketing-assessement-center","status":"publish","type":"page","link":"https:\/\/kotarbinski.com\/blogomarketingu\/marketing-assessement-center\/","title":{"rendered":"MARKETING ASSESSEMENT CENTER"},"content":{"rendered":"<p>Ilu kandydat\u00f3w na rekrutacji by\u0142o gwiazdami? Kt\u00f3rzy z nich okazali si\u0119 w potem firmie jedynie meteorytami? Jak sprawdzi\u0107 prawdziwe kompetencje do pracy w marketingu, zanim zatrudnisz kolejn\u0105 osob\u0119. Pi\u0119kne CV, \u015bwietny list motywacyjny czy polecenie znajomego &#8211; nie wystarcza. Kandydaci, kt\u00f3rzy na rozmowie kwalifikacyjnej zrobi\u0105 doskona\u0142e wra\u017cenie i przejd\u0105 wszelkie testy psychologiczne, nie zawsze odnajd\u0105 si\u0119 w tyglu ognia pracy w marketingu. <\/p>\n<figure><a href=\"https:\/\/ksiegarnia.pwn.pl\/50-praw-marketingu-Kotarbinskiego,865310723,p.html\"><img decoding=\"async\" width=\"600\" height=\"800\" src=\"https:\/\/kotarbinski.com\/blogomarketingu\/wp-content\/uploads\/2024\/03\/50-praw-marketingu-logo-patroni.png\" alt=\"\" loading=\"lazy\" \/><\/a><\/figure>\n<h3><a href=\"https:\/\/ksiegarnia.pwn.pl\/50-praw-marketingu-Kotarbinskiego,865310723,p.html\">50 Praw Marketingu Kotarbi\u0144skiego<\/a><\/h3>\n<p>&#8222;Marketing jest dziedzin\u0105 postrzegan\u0105 jako obszar niewymagaj\u0105cy szczeg\u00f3lnego wykszta\u0142cenia, umiej\u0119tno\u015bci czy inteligencji. Tymczasem rzeczywisto\u015b\u0107 jest zgo\u0142a inna. Tu trzeba mie\u0107 \u0142eb jak sklep, je\u015b\u0107 chleb z niejednego frontowego pieca, a na dodatek wykaza\u0107 si\u0119 spostrzegawczo\u015bci\u0105 Poirota, namolno\u015bci\u0105 Colombo, luzactwem Leslie Nielsena i zdecydowaniem Bruce\u2019a Willisa. Praca w marketingu wymaga kierowania do niego prawdziwych fighter\u00f3w, a nie firmowych oferm. Taka prawda.\u201d| J. Kotarbi\u0144ski, 50 Praw Marketingu Kotarbi\u0144skiego, Wydawnictwo Naukowe PWN, Warszawa, 2020, s 15.<\/p>\n<h2>MarkMasters\u2122 &#8211; Assessment Center dla przysz\u0142ego zespo\u0142u marketingu<\/h2>\n<p>Assessment Center, czyli &#8222;egzamin wieloboju biznesowego&#8221;, to metoda rekrutacyjna, kt\u00f3ra przypomina bardziej maraton umiej\u0119tno\u015bci ni\u017c tradycyjn\u0105 rozmow\u0119 kwalifikacyjn\u0105. Wyobra\u017a sobie olimpiad\u0119, gdzie zamiast biega\u0107, skaka\u0107 czy rzuca\u0107, bierzesz udzia\u0142 w symulacjach biznesowych, rozwi\u0105zujesz studia przypadk\u00f3w, prezentujesz, a czasem nawet grasz w gry zespo\u0142owe. To wszystko po to, by pokaza\u0107 nie tylko co masz w g\u0142owie, ale i jak radzisz sobie w akcji.<\/p>\n<h2>Co to jest MarkMasters\u2122?<\/h2>\n<p>MarkMasters\u2122 czyli Marketing Assessment Center to autorska metoda opracowana przez dr in\u017c. Jacka Kotarbi\u0144skiego i specjalistyczna forma oceny u\u017cywana w procesie rekrutacji i selekcji pracownik\u00f3w do zespo\u0142\u00f3w marketingu i marketingu i sprzeda\u017cy. Skupia si\u0119 na identyfikowaniu praktycznych umiej\u0119tno\u015bci i kompetencji kandydat\u00f3w. Podczas sesji MarkMasters\u2122 uczestnicy bior\u0105 udzia\u0142 w r\u00f3\u017cnych \u0107wiczeniach zaprojektowanych tak, aby symulowa\u0107 realne wyzwania biznesowe i zadania marketingowe.<\/p>\n<h2>Co jest celem MarkMasters\u2122?<\/h2>\n<p>Celem MarkMasters\u2122 Marketing Assessment Center\u00a0 jest zapewnienie obiektywnej i wszechstronnej oceny zdolno\u015bci kandydat\u00f3w do radzenia sobie z zadaniami i wyzwaniami, kt\u00f3re mog\u0105 napotka\u0107 na stanowisku zwi\u0105zanym z marketingiem. Ocena ta pomaga pracodawcom w dok\u0142adniejszym wyborze najlepiej pasuj\u0105cych kandydat\u00f3w do zespo\u0142u, jednocze\u015bnie daj\u0105c uczestnikom szans\u0119 na zaprezentowanie swoich umiej\u0119tno\u015bci praktycznych w realistycznych scenariuszach biznesowych.<\/p>\n<h2>Aktywno\u015bci w ramach MarkMasters\u2122 <\/h2>\n<p>Do typowych aktywno\u015bci w ramach &#8222;Marketing Assessment Center&#8221; mog\u0105 nale\u017ce\u0107:<\/p>\n<ul>\n<li style=\"font-weight: 400;\" aria-level=\"1\"><b>Studia przypadk\u00f3w. <\/b>Rozwi\u0105zywanie problem\u00f3w lub opracowywanie strategii marketingowych na podstawie dostarczonych scenariuszy.<\/li>\n<li style=\"font-weight: 400;\" aria-level=\"1\"><b>Prezentacje.<\/b> Przygotowanie i przedstawienie prezentacji na zadany temat marketingowy, co pozwala oceni\u0107 umiej\u0119tno\u015bci komunikacyjne i prezentacyjne uczestnik\u00f3w.<\/li>\n<li style=\"font-weight: 400;\" aria-level=\"1\"><b>Dyskusje grupowe.<\/b> Udzia\u0142 w dyskusjach na tematy marketingowe, co pozwala obserwatorom oceni\u0107 umiej\u0119tno\u015bci wsp\u00f3\u0142pracy, komunikacji i przyw\u00f3dztwa.<\/li>\n<li style=\"font-weight: 400;\" aria-level=\"1\"><b>Symulacje. <\/b>Uczestnictwo w symulowanych sytuacjach biznesowych, takich jak negocjacje z klientami lub wsp\u00f3\u0142praca z innymi dzia\u0142ami firmy, kt\u00f3re wymagaj\u0105 zastosowania wiedzy marketingowej.<\/li>\n<li style=\"font-weight: 400;\" aria-level=\"1\"><b>Wyzwania.<\/b> Zr\u00f3\u017cnicowane formy \u0107wicze\u0144, sprawdzaj\u0105ce umiej\u0119tno\u015bci pracy w \u015bcis\u0142ych re\u017cimach czasowych, odporno\u015b\u0107 psychiczn\u0105 na stres, zachowania typowe dla deadline i ASAP-\u00f3w oraz dla pracy w zespo\u0142ach marketingu (lub marketingu i sprzeda\u017cy).&nbsp;<\/li>\n<li style=\"font-weight: 400;\" aria-level=\"1\"><b style=\"text-indent: 0em; color: var( --e-global-color-text );\">Zadania indywidualne.<\/b> Indywidualne zadania realizowane przez uczestnik\u00f3w MarkMasters\u2122.<\/li>\n<\/ul>\n<h2>Rodzaje MarkMasters\u2122<\/h2>\n<ul>\n<li style=\"font-weight: 400;\" aria-level=\"1\"><b>MarkMasters\u2122 SPECJALI\u015aCI.<\/b> Projekt, w kt\u00f3rym firma pozyskuje specjalist\u00f3w z szerokiego obszaru marketingu: specjalist\u00f3w ds. marketingu, brand manager\u00f3w (zarz\u0105dzanie mark\u0105), specjalist\u00f3w social media, zarz\u0105dzania produktem, digital marketing specjalist, copywriter itp. Sprawdzane przez <a href=\"https:\/\/www.testhr.pl\/pl\/kim-jest-asesor\/\">asesor\u00f3w <\/a>s\u0105 kompetencje i umiej\u0119tno\u015bci specjalistyczne oraz praca zespo\u0142owa.&nbsp;<\/li>\n<li style=\"font-weight: 400;\" aria-level=\"1\"><b style=\"text-indent: 0em; color: var( --e-global-color-text );\">MarkMasters\u2122 MANAGER.<\/b> W tym projekcie uczestnicz\u0105 kandydaci do pracy na stanowiska mened\u017cerskie: manager marketingu, szef marketingu (CMO), dyrektor marketingu i sprzeda\u017cy itp.&nbsp; Sprawdzane przez <a style=\"text-indent: 0em;\" href=\"https:\/\/www.testhr.pl\/pl\/kim-jest-asesor\/\">asesor\u00f3w <\/a>s\u0105 umiej\u0119tno\u015bci mened\u017cerskie, rozwi\u0105zywanie konflikt\u00f3w,&nbsp; umiej\u0119tno\u015bci rozwi\u0105zywania problem\u00f3w marketingowych oraz wybrane kompetencje i umiej\u0119tno\u015bci specjalistyczne.<\/li>\n<\/ul>\n<h2>Jak przebiega MarkMasters\u2122?<\/h2>\n<ul>\n<li style=\"font-weight: 400;\" aria-level=\"1\"><b>Etap rekrutacji. <\/b>Firma przeprowadza klasyczny projekt rekrutacyjny, za po\u015brednictwem specjalistycznej firmy lub samodzielnie. Dokonuje selekcji kandydat\u00f3w do pracy oraz ustala liczb\u0119 os\u00f3b, kt\u00f3re zostan\u0105 skierowane na warsztat MarkMasters\u2122.<\/li>\n<li style=\"font-weight: 400;\" aria-level=\"1\"><b>Warsztat MarkMasters\u2122.<\/b> Odbywa si\u0119 w dowolnie wybranym miejscu (sala konferencyjna). Rekomendowane jest miejsce poza terenem macierzystej firmy. Sala powinna by\u0107 du\u017ca, wyposa\u017cona w projektor multimedialny, kilka flipchart\u00f3w, sto\u0142y do pracy warsztatowej itp. Szczeg\u00f3\u0142y s\u0105 ustalane indywidualnie. Sala musi zapewnia\u0107 szczeg\u00f3lny komfort pracy dla wszystkich uczestnik\u00f3w.\u00a0<\/li>\n<li style=\"font-weight: 400;\" aria-level=\"1\">Czas trwania MarkMasters\u2122. \u0141\u0105czny czas trwania warsztatu (\u0142\u0105cznie z przerwami) to 10 godzin zegarowych. Istot\u0105 jest r\u00f3wnie\u017c ocena sprawno\u015bci dzia\u0142ania kandydat\u00f3w w kontek\u015bcie fizycznego i psychicznego zm\u0119czenia. Nie ma mo\u017cliwo\u015bci podzia\u0142u warsztatu na dwa dni, z ww. powodu.\u00a0<\/li>\n<li style=\"font-weight: 400;\" aria-level=\"1\"><b>Raport MarkMasters\u2122.<\/b> Podsumowanie warsztatu i rekomendacje zatrudnienia wybranych kandydat\u00f3w.\u00a0<\/li>\n<li style=\"font-weight: 400;\" aria-level=\"1\">Dodatkowe szczeg\u00f3\u0142y MarkMasters\u2122 omawiane s\u0105 podczas indywidualnej sesji online z klientem.\u00a0<\/li>\n<li style=\"font-weight: 400;\" aria-level=\"1\">Prawa autorskie do koncepcji i realizacji MarkMasters\u2122 nale\u017c\u0105 do \u00a9 2024 Jacek Kotarbi\u0144ski kotarbinski.com<\/li>\n<\/ul>\n<h2>Webinaria MarkMasters\u2122<\/h2>\n<ul>\n<li style=\"font-weight: 400;\" aria-level=\"1\">Raz w miesi\u0105cu odbywa si\u0119 zamkni\u0119te webinarium dotycz\u0105ce MarkMasters\u2122 prowadzone przez Jacka Kotarbi\u0144skiego.\u00a0<\/li>\n<li style=\"font-weight: 400;\" aria-level=\"1\">Je\u017celi chcesz wzi\u0105\u0107 udzia\u0142 w webinarium, skorzystaj z poni\u017cszego linku (Google Forms) i dopisz si\u0119 do listy.\u00a0<\/li>\n<li style=\"font-weight: 400;\" aria-level=\"1\">Zostaniesz powiadomiony drog\u0105 elektroniczn\u0105 o najbli\u017cszym terminie webinarium.<\/li>\n<li style=\"font-weight: 400;\" aria-level=\"1\">Uwaga: zapisy na webinarium przyjmowane s\u0105 wy\u0142\u0105cznie z firmowych kont e-mail. <\/li>\n<\/ul>\n<p>\t\t\t<a href=\"https:\/\/bit.ly\/43myy51\"><br \/>\n\t\t\t\t\t\tZapisz si\u0119 na webinarium MarkMaster<br \/>\n\t\t\t\t\t<\/a><br \/>\n\t\t\t<a href=\"https:\/\/kotarbinski.com\/blogomarketingu\/kontakt\/\"><br \/>\n\t\t\t\t\t\tKontakt | Contact<br \/>\n\t\t\t\t\t<\/a><\/p>\n<!-- AddThis Advanced Settings generic via filter on the_content --><!-- AddThis Share Buttons generic via filter on the_content -->","protected":false},"excerpt":{"rendered":"<p>Ilu kandydat\u00f3w na rekrutacji by\u0142o gwiazdami? Kt\u00f3rzy z nich okazali si\u0119 w potem firmie jedynie meteorytami? Jak sprawdzi\u0107 prawdziwe kompetencje [&hellip;]<!-- AddThis Advanced Settings generic via filter on get_the_excerpt --><!-- AddThis Share Buttons generic via filter on get_the_excerpt --><\/p>\n","protected":false},"author":1,"featured_media":0,"parent":0,"menu_order":0,"comment_status":"closed","ping_status":"closed","template":"","meta":{"om_disable_all_campaigns":false,"_exactmetrics_skip_tracking":false,"_exactmetrics_sitenote_active":false,"_exactmetrics_sitenote_note":"","_exactmetrics_sitenote_category":0,"_monsterinsights_skip_tracking":false,"_monsterinsights_sitenote_active":false,"_monsterinsights_sitenote_note":"","_monsterinsights_sitenote_category":0,"_uf_show_specific_survey":0,"_uf_disable_surveys":false,"site-sidebar-layout":"default","site-content-layout":"","ast-site-content-layout":"default","site-content-style":"default","site-sidebar-style":"default","ast-global-header-display":"","ast-banner-title-visibility":"","ast-main-header-display":"","ast-hfb-above-header-display":"","ast-hfb-below-header-display":"","ast-hfb-mobile-header-display":"","site-post-title":"","ast-breadcrumbs-content":"","ast-featured-img":"","footer-sml-layout":"","ast-disable-related-posts":"","theme-transparent-header-meta":"","adv-header-id-meta":"","stick-header-meta":"","header-above-stick-meta":"","header-main-stick-meta":"","header-below-stick-meta":"","astra-migrate-meta-layouts":"default","ast-page-background-enabled":"default","ast-page-background-meta":{"desktop":{"background-color":"var(--ast-global-color-5)","background-image":"","background-repeat":"repeat","background-position":"center center","background-size":"auto","background-attachment":"scroll","background-type":"","background-media":"","overlay-type":"","overlay-color":"","overlay-opacity":"","overlay-gradient":""},"tablet":{"background-color":"","background-image":"","background-repeat":"repeat","background-position":"center center","background-size":"auto","background-attachment":"scroll","background-type":"","background-media":"","overlay-type":"","overlay-color":"","overlay-opacity":"","overlay-gradient":""},"mobile":{"background-color":"","background-image":"","background-repeat":"repeat","background-position":"center center","background-size":"auto","background-attachment":"scroll","background-type":"","background-media":"","overlay-type":"","overlay-color":"","overlay-opacity":"","overlay-gradient":""}},"ast-content-background-meta":{"desktop":{"background-color":"var(--ast-global-color-4)","background-image":"","background-repeat":"repeat","background-position":"center center","background-size":"auto","background-attachment":"scroll","background-type":"","background-media":"","overlay-type":"","overlay-color":"","overlay-opacity":"","overlay-gradient":""},"tablet":{"background-color":"var(--ast-global-color-4)","background-image":"","background-repeat":"repeat","background-position":"center center","background-size":"auto","background-attachment":"scroll","background-type":"","background-media":"","overlay-type":"","overlay-color":"","overlay-opacity":"","overlay-gradient":""},"mobile":{"background-color":"var(--ast-global-color-4)","background-image":"","background-repeat":"repeat","background-position":"center center","background-size":"auto","background-attachment":"scroll","background-type":"","background-media":"","overlay-type":"","overlay-color":"","overlay-opacity":"","overlay-gradient":""}},"jetpack_post_was_ever_published":false,"footnotes":""},"class_list":["post-9387","page","type-page","status-publish","hentry"],"aioseo_notices":[],"jetpack_shortlink":"https:\/\/wp.me\/PaKYj5-2rp","jetpack_sharing_enabled":true,"_links":{"self":[{"href":"https:\/\/kotarbinski.com\/blogomarketingu\/wp-json\/wp\/v2\/pages\/9387","targetHints":{"allow":["GET"]}}],"collection":[{"href":"https:\/\/kotarbinski.com\/blogomarketingu\/wp-json\/wp\/v2\/pages"}],"about":[{"href":"https:\/\/kotarbinski.com\/blogomarketingu\/wp-json\/wp\/v2\/types\/page"}],"author":[{"embeddable":true,"href":"https:\/\/kotarbinski.com\/blogomarketingu\/wp-json\/wp\/v2\/users\/1"}],"replies":[{"embeddable":true,"href":"https:\/\/kotarbinski.com\/blogomarketingu\/wp-json\/wp\/v2\/comments?post=9387"}],"version-history":[{"count":40,"href":"https:\/\/kotarbinski.com\/blogomarketingu\/wp-json\/wp\/v2\/pages\/9387\/revisions"}],"predecessor-version":[{"id":9432,"href":"https:\/\/kotarbinski.com\/blogomarketingu\/wp-json\/wp\/v2\/pages\/9387\/revisions\/9432"}],"wp:attachment":[{"href":"https:\/\/kotarbinski.com\/blogomarketingu\/wp-json\/wp\/v2\/media?parent=9387"}],"curies":[{"name":"wp","href":"https:\/\/api.w.org\/{rel}","templated":true}]}}